{"id":170,"date":"2022-02-01T15:39:29","date_gmt":"2022-02-01T15:39:29","guid":{"rendered":"https:\/\/ovdental.md\/?post_type=product&#038;p=170"},"modified":"2022-02-01T15:39:30","modified_gmt":"2022-02-01T15:39:30","slug":"be-korea-sep-water-soluble-vaseline","status":"publish","type":"product","link":"https:\/\/ovdental.md\/index.php\/product\/be-korea-sep-water-soluble-vaseline\/","title":{"rendered":"B&#038;E Korea &#8212; Sep Water- soluble vaseline"},"content":{"rendered":"","protected":false},"excerpt":{"rendered":"<pre id=\"tw-target-text\" class=\"tw-data-text tw-text-large tw-ta\" dir=\"ltr\" data-placeholder=\"\u041f\u0435\u0440\u0435\u0432\u043e\u0434\"><span class=\"Y2IQFc\" lang=\"ro\"><strong>B&amp;E Korea - Sep Water- soluble vaseline<\/strong> - Separator de materiale dentare, solubil \u00een ap\u0103, hidrofil, agent de separare temporar\u0103 a coroanei, blocare, instrumente pentru inhibitori de oxigen, vaselin\u0103.\r\n\r\n<\/span><\/pre>\n","protected":false},"featured_media":171,"comment_status":"open","ping_status":"closed","template":"","meta":[],"product_cat":[21],"product_tag":[],"_links":{"self":[{"href":"https:\/\/ovdental.md\/index.php\/wp-json\/wp\/v2\/product\/170"}],"collection":[{"href":"https:\/\/ovdental.md\/index.php\/wp-json\/wp\/v2\/product"}],"about":[{"href":"https:\/\/ovdental.md\/index.php\/wp-json\/wp\/v2\/types\/product"}],"replies":[{"embeddable":true,"href":"https:\/\/ovdental.md\/index.php\/wp-json\/wp\/v2\/comments?post=170"}],"wp:featuredmedia":[{"embeddable":true,"href":"https:\/\/ovdental.md\/index.php\/wp-json\/wp\/v2\/media\/171"}],"wp:attachment":[{"href":"https:\/\/ovdental.md\/index.php\/wp-json\/wp\/v2\/media?parent=170"}],"wp:term":[{"taxonomy":"product_cat","embeddable":true,"href":"https:\/\/ovdental.md\/index.php\/wp-json\/wp\/v2\/product_cat?post=170"},{"taxonomy":"product_tag","embeddable":true,"href":"https:\/\/ovdental.md\/index.php\/wp-json\/wp\/v2\/product_tag?post=170"}],"curies":[{"name":"wp","href":"https:\/\/api.w.org\/{rel}","templated":true}]}}