{"id":186,"date":"2022-02-03T14:09:42","date_gmt":"2022-02-03T14:09:42","guid":{"rendered":"https:\/\/ovdental.md\/?post_type=product&#038;p=186"},"modified":"2022-02-03T14:09:43","modified_gmt":"2022-02-03T14:09:43","slug":"roeko-guttaflow2","status":"publish","type":"product","link":"https:\/\/ovdental.md\/index.php\/product\/roeko-guttaflow2\/","title":{"rendered":"Roeko &#8212; GuttaFlow2"},"content":{"rendered":"","protected":false},"excerpt":{"rendered":"<p><strong>Expansiunea \u00eent\u00e2lne\u0219te aderen\u021ba. Noua genera\u021bie GuttaFlow<\/strong><\/p>\n<p><strong>ROEKO GuttaFlow 2<\/strong> este un nou sistem de umplere pentru canalele radiculare, care combin\u0103 dou\u0103 produse \u00eentr-unul singur: gutaperc\u0103 sub form\u0103 de pulbere cu o dimensiune a particulelor mai mic\u0103 de 30 \u00b5m \u0219i agent de etan\u0219are. Acest nou sistem de umplere func\u021bioneaz\u0103 cu gutaperc\u0103 cu curgere liber\u0103 rece.<\/p>\n<p><strong>ROEKO GuttaFlow 2<\/strong> este un avans al materialului GuttaFlow existent \u00een capsule \u0219i are acelea\u0219i propriet\u0103\u021bi excelente ale materialului.<\/p>\n<p><strong>Sistem de umplere la rece fluid<\/strong><br \/>\n<strong>Two in One &#8212; combin\u0103 etan\u0219ant \u0219i gutaperc\u0103<\/strong><br \/>\n<strong>Propriet\u0103\u021bi excelente de curgere<\/strong><br \/>\n<strong>Solubilitatea este practic zero<\/strong><br \/>\n<strong>Etan\u0219are etan\u0219\u0103 a canalului radicular<\/strong><br \/>\n<strong>Biocompatibilitate foarte buna<\/strong><br \/>\n<strong>Protec\u021bie optim\u0103 \u00eempotriva reinfect\u0103rii<\/strong><br \/>\n<strong>Radiopacitate excelent\u0103<\/strong><br \/>\n<strong>Permite o preg\u0103tire post precis\u0103<br \/>\n<\/strong><br \/>\n<strong>ROEKO GuttaFlow 2<\/strong> prezint\u0103 o u\u0219oar\u0103 expansiune \u0219i ader\u0103 foarte bine la punctul de gutaperc\u0103 (masterpoint) precum \u0219i la dentina. Prin urmare, nu este necesar\u0103 condensul care necesit\u0103 timp.<\/p>\n","protected":false},"featured_media":0,"comment_status":"open","ping_status":"closed","template":"","meta":[],"product_cat":[22],"product_tag":[],"_links":{"self":[{"href":"https:\/\/ovdental.md\/index.php\/wp-json\/wp\/v2\/product\/186"}],"collection":[{"href":"https:\/\/ovdental.md\/index.php\/wp-json\/wp\/v2\/product"}],"about":[{"href":"https:\/\/ovdental.md\/index.php\/wp-json\/wp\/v2\/types\/product"}],"replies":[{"embeddable":true,"href":"https:\/\/ovdental.md\/index.php\/wp-json\/wp\/v2\/comments?post=186"}],"wp:attachment":[{"href":"https:\/\/ovdental.md\/index.php\/wp-json\/wp\/v2\/media?parent=186"}],"wp:term":[{"taxonomy":"product_cat","embeddable":true,"href":"https:\/\/ovdental.md\/index.php\/wp-json\/wp\/v2\/product_cat?post=186"},{"taxonomy":"product_tag","embeddable":true,"href":"https:\/\/ovdental.md\/index.php\/wp-json\/wp\/v2\/product_tag?post=186"}],"curies":[{"name":"wp","href":"https:\/\/api.w.org\/{rel}","templated":true}]}}