{"id":192,"date":"2022-02-03T14:38:23","date_gmt":"2022-02-03T14:38:23","guid":{"rendered":"https:\/\/ovdental.md\/?post_type=product&#038;p=192"},"modified":"2022-02-03T14:38:24","modified_gmt":"2022-02-03T14:38:24","slug":"coltene-flexi-dam","status":"publish","type":"product","link":"https:\/\/ovdental.md\/index.php\/product\/coltene-flexi-dam\/","title":{"rendered":"COLTENE &#8212; Flexi Dam"},"content":{"rendered":"","protected":false},"excerpt":{"rendered":"<p><strong>Hygenic Flexi Dam non latex<\/strong> este realizat dintr-un material de \u00eenalt\u0103 calitate, Flexi Dam non latex este u\u0219or de utilizat \u0219i asigur\u0103 un control optim al umidit\u0103\u021bii. Materialul foarte elastic se contract\u0103 str\u00e2ns \u00een jurul dintelui pentru o izolare eficient\u0103.<\/p>\n<p><strong>Violet Flexi Dam previne confuzia cu barajele din latex.<\/strong><\/p>\n<p>Modulul de elasticitate sc\u0103zut.<br \/>\nFor\u021b\u0103 suplimentar\u0103 \u0219i flexibilitate.<br \/>\nNon-Latex.<br \/>\nFoi individuale fara pulbere.<br \/>\nF\u0103r\u0103 miros nepl\u0103cut.<\/p>\n","protected":false},"featured_media":193,"comment_status":"open","ping_status":"closed","template":"","meta":[],"product_cat":[17],"product_tag":[],"_links":{"self":[{"href":"https:\/\/ovdental.md\/index.php\/wp-json\/wp\/v2\/product\/192"}],"collection":[{"href":"https:\/\/ovdental.md\/index.php\/wp-json\/wp\/v2\/product"}],"about":[{"href":"https:\/\/ovdental.md\/index.php\/wp-json\/wp\/v2\/types\/product"}],"replies":[{"embeddable":true,"href":"https:\/\/ovdental.md\/index.php\/wp-json\/wp\/v2\/comments?post=192"}],"wp:featuredmedia":[{"embeddable":true,"href":"https:\/\/ovdental.md\/index.php\/wp-json\/wp\/v2\/media\/193"}],"wp:attachment":[{"href":"https:\/\/ovdental.md\/index.php\/wp-json\/wp\/v2\/media?parent=192"}],"wp:term":[{"taxonomy":"product_cat","embeddable":true,"href":"https:\/\/ovdental.md\/index.php\/wp-json\/wp\/v2\/product_cat?post=192"},{"taxonomy":"product_tag","embeddable":true,"href":"https:\/\/ovdental.md\/index.php\/wp-json\/wp\/v2\/product_tag?post=192"}],"curies":[{"name":"wp","href":"https:\/\/api.w.org\/{rel}","templated":true}]}}