{"id":230,"date":"2022-02-16T12:00:33","date_gmt":"2022-02-16T12:00:33","guid":{"rendered":"https:\/\/ovdental.md\/?post_type=product&#038;p=230"},"modified":"2022-02-16T13:48:36","modified_gmt":"2022-02-16T13:48:36","slug":"coltene-paracore-set-4x-9g-adeziv","status":"publish","type":"product","link":"https:\/\/ovdental.md\/index.php\/product\/coltene-paracore-set-4x-9g-adeziv\/","title":{"rendered":"COLTENE &#8212; ParaCore SET 4x 9g + Adeziv"},"content":{"rendered":"","protected":false},"excerpt":{"rendered":"<p><strong>ParaCore Dual Curing Core &amp; Resin Cement<\/strong> <strong>SET 4x 9g <\/strong>Con\u021b\u00edne: Adeziv cu priza dubla, conditioner A2, Alb &#8212; consistenta medie A2 Alb &#8212; consistenta sporita.<\/p>\n<p><strong>ParaCore Dual Curing Core &amp; Resin Cement<\/strong> <strong>SET 4x 9g + Adeziv<\/strong> este un sistem compozit radioopac, cu \u00eent\u0103rire dual\u0103, armat cu sticl\u0103, disponibil \u00een trei nuan\u021be. Cunoscutul material 3-\u00een-1 simplific\u0103 tehnica de restaurare a st\u00e2lpilor \u0219i a miezului, deoarece este ideal pentru post-cimentare, construirea miezului \u0219i cimentarea coroanelor \u0219i pun\u021bilor. Utilizarea ParaCore ca material de fixare \u0219i bont stabile\u0219te o \u201einterfa\u021b\u0103 de leg\u0103tur\u0103 monobloc\u201d optim\u0103 \u00eentre dentin\u0103, st\u00e2lp \u0219i coroan\u0103 pentru a produce o restaurare cu o via\u021b\u0103 neobi\u0219nuit de lung\u0103 \u0219i o rezisten\u021b\u0103 foarte mare.<\/p>\n<p>Sistemul de lipire \u0219i ciment perfect potrivit formeaz\u0103 un lan\u021b de produse \u00eenchis pentru construirea st\u00e2lpilor de succes clinic, cu stabilitate pe termen lung.<br \/>\nTimp de lucru prelungit cu versiunea FLOW cu lipire lent\u0103<br \/>\nTimpul de lucru al ParaCore FLOW este extins la 60 de secunde la 37\u00b0 C, ceea ce permite finalizarea restaur\u0103rilor mari sau a st\u00e2lpilor de cimentare f\u0103r\u0103 presiune de timp. Versiunea de reglare ParaCore FLOW poate fi, de asemenea, injectat\u0103 direct \u00een canalul radicular cu v\u00e2rful fin de amestecare canal radicular.<br \/>\nNoua nuanta Translucent FLOW<br \/>\nPe l\u00e2ng\u0103 binecunoscutele nuan\u021be White \u0219i Dentin (disponibile \u0219i ca Dentin FLOW), ParaCore este acum oferit \u00een nuan\u021ba Translucent FLOW. Acest lucru permite restaur\u0103ri extrem de estetice \u0219i este ideal pentru cimentarea st\u00e2lpilor din fibre (de exemplu, ParaPost Fiber Lux).<\/p>\n<p>&nbsp;<\/p>\n","protected":false},"featured_media":0,"comment_status":"open","ping_status":"closed","template":"","meta":[],"product_cat":[17],"product_tag":[],"_links":{"self":[{"href":"https:\/\/ovdental.md\/index.php\/wp-json\/wp\/v2\/product\/230"}],"collection":[{"href":"https:\/\/ovdental.md\/index.php\/wp-json\/wp\/v2\/product"}],"about":[{"href":"https:\/\/ovdental.md\/index.php\/wp-json\/wp\/v2\/types\/product"}],"replies":[{"embeddable":true,"href":"https:\/\/ovdental.md\/index.php\/wp-json\/wp\/v2\/comments?post=230"}],"wp:attachment":[{"href":"https:\/\/ovdental.md\/index.php\/wp-json\/wp\/v2\/media?parent=230"}],"wp:term":[{"taxonomy":"product_cat","embeddable":true,"href":"https:\/\/ovdental.md\/index.php\/wp-json\/wp\/v2\/product_cat?post=230"},{"taxonomy":"product_tag","embeddable":true,"href":"https:\/\/ovdental.md\/index.php\/wp-json\/wp\/v2\/product_tag?post=230"}],"curies":[{"name":"wp","href":"https:\/\/api.w.org\/{rel}","templated":true}]}}