{"id":256,"date":"2022-02-15T13:54:18","date_gmt":"2022-02-15T13:54:18","guid":{"rendered":"https:\/\/ovdental.md\/?post_type=product&#038;p=256"},"modified":"2022-02-27T15:32:19","modified_gmt":"2022-02-27T15:32:19","slug":"omegatech-gingiva-mask-2-x-50-ml","status":"publish","type":"product","link":"https:\/\/ovdental.md\/index.php\/product\/omegatech-gingiva-mask-2-x-50-ml\/","title":{"rendered":"OMEGATECH &#8212; GINGIVA Mask 2 x 50 ml"},"content":{"rendered":"","protected":false},"excerpt":{"rendered":"<p>GINGIVA Mask &#8212; este folosit\u0103 pentru a crea o masc\u0103 de gingii de silicon pe modele cu implanturi, molii sau coroane. Disponibil \u00een dou\u0103 versiuni de duritate hard (70 Shore A) \u0219i soft (40 Shore A). Ambele op\u021biuni sunt procesate perfect cu un bisturiu sau un t\u0103ietor. Timp scurt de priz\u0103 de la 7-8 minute. Raport 1: 1. Potrivit pentru scanare cu sisteme CAD \/ CAM.<\/p>\n","protected":false},"featured_media":257,"comment_status":"open","ping_status":"closed","template":"","meta":[],"product_cat":[19],"product_tag":[],"_links":{"self":[{"href":"https:\/\/ovdental.md\/index.php\/wp-json\/wp\/v2\/product\/256"}],"collection":[{"href":"https:\/\/ovdental.md\/index.php\/wp-json\/wp\/v2\/product"}],"about":[{"href":"https:\/\/ovdental.md\/index.php\/wp-json\/wp\/v2\/types\/product"}],"replies":[{"embeddable":true,"href":"https:\/\/ovdental.md\/index.php\/wp-json\/wp\/v2\/comments?post=256"}],"wp:featuredmedia":[{"embeddable":true,"href":"https:\/\/ovdental.md\/index.php\/wp-json\/wp\/v2\/media\/257"}],"wp:attachment":[{"href":"https:\/\/ovdental.md\/index.php\/wp-json\/wp\/v2\/media?parent=256"}],"wp:term":[{"taxonomy":"product_cat","embeddable":true,"href":"https:\/\/ovdental.md\/index.php\/wp-json\/wp\/v2\/product_cat?post=256"},{"taxonomy":"product_tag","embeddable":true,"href":"https:\/\/ovdental.md\/index.php\/wp-json\/wp\/v2\/product_tag?post=256"}],"curies":[{"name":"wp","href":"https:\/\/api.w.org\/{rel}","templated":true}]}}