{"id":310,"date":"2022-04-24T12:20:52","date_gmt":"2022-04-24T12:20:52","guid":{"rendered":"https:\/\/ovdental.md\/?post_type=product&#038;p=310"},"modified":"2022-04-26T12:26:39","modified_gmt":"2022-04-26T12:26:39","slug":"mutsumi-gips-hiro-stone-plus-blue-5kg","status":"publish","type":"product","link":"https:\/\/ovdental.md\/index.php\/product\/mutsumi-gips-hiro-stone-plus-blue-5kg\/","title":{"rendered":"MUTSUMI &#8212; Gips Hiro Stone Plus Blue 5kg"},"content":{"rendered":"","protected":false},"excerpt":{"rendered":"<p><strong>MUTSUMI &#8212; Gips Hiro Stone Plus Blue 5kg<\/strong><\/p>\n<p>Piatra dentara sintetica imbunatatita de tip 3 cu un excelent<br \/>\nreproducere detalii, alegere ideal\u0103 pentru modele de studiu,<br \/>\nmodele de lucru \u0219i proceduri de balonare. Ideal potrivite<br \/>\npentru utilizare cu Hiro Hard Rock\u00ae, Hiro Rock\u00ae, EdoRock<br \/>\nImplant\u00ae, Edo Premium Stone\u00ae, EdoRock Max\u00ae.<br \/>\n\u2022 Rezisten\u021b\u0103 ridicat\u0103, reduce ruperea \u0219i ciobirea;<br \/>\n\u2022 Setare rapid\u0103;<br \/>\n\u2022 Scoatere rapida din matrita;<br \/>\n\u2022 Compatibil cu o gam\u0103 larg\u0103 de materiale de amprent\u0103;<br \/>\n\u2022 Consisten\u021b\u0103 dens\u0103 \u0219i omogen\u0103;<br \/>\n\u2022 Consisten\u021b\u0103 neted\u0103 \u0219i amestecare pl\u0103cut\u0103;<br \/>\n\u2022 Expansiune medie.<\/p>\n<p><strong>Rezisten\u021ba la compresiune dup\u0103 1 or\u0103:<\/strong><br \/>\n\u2022 Rezisten\u021ba la compresiune [MPa; N\/mm2] &#8212; 41 MPa (=5946psi)<br \/>\nRezisten\u021ba la compresiune dup\u0103 24 de ore:<br \/>\n\u2022 Rezisten\u021ba la compresiune [MPa; N\/mm2] &#8212; 79 MPa (=11457psi)<br \/>\nISO 6873, Date referitoare la 25ml\/100g<br \/>\nRezisten\u021ba la compresiune dup\u0103 24 de ore:<br \/>\n\u2022 Rezisten\u021ba la compresiune [MPa; N\/mm2] &#8212; 49 MPa (=7105psi)<br \/>\nISO 6873, Date referitoare la 30ml\/100g<br \/>\n\u2022 Raport ap\u0103\/pulbere: 25ml\/100g<br \/>\n\u2022 Timp de setare: 10 &#8212; 13 min.<br \/>\n\u2022 Expansiune dup\u0103 2 ore: \u2264 0,16%<\/p>\n","protected":false},"featured_media":0,"comment_status":"open","ping_status":"closed","template":"","meta":[],"product_cat":[25],"product_tag":[],"_links":{"self":[{"href":"https:\/\/ovdental.md\/index.php\/wp-json\/wp\/v2\/product\/310"}],"collection":[{"href":"https:\/\/ovdental.md\/index.php\/wp-json\/wp\/v2\/product"}],"about":[{"href":"https:\/\/ovdental.md\/index.php\/wp-json\/wp\/v2\/types\/product"}],"replies":[{"embeddable":true,"href":"https:\/\/ovdental.md\/index.php\/wp-json\/wp\/v2\/comments?post=310"}],"wp:attachment":[{"href":"https:\/\/ovdental.md\/index.php\/wp-json\/wp\/v2\/media?parent=310"}],"wp:term":[{"taxonomy":"product_cat","embeddable":true,"href":"https:\/\/ovdental.md\/index.php\/wp-json\/wp\/v2\/product_cat?post=310"},{"taxonomy":"product_tag","embeddable":true,"href":"https:\/\/ovdental.md\/index.php\/wp-json\/wp\/v2\/product_tag?post=310"}],"curies":[{"name":"wp","href":"https:\/\/api.w.org\/{rel}","templated":true}]}}