{"id":324,"date":"2022-04-24T12:46:44","date_gmt":"2022-04-24T12:46:44","guid":{"rendered":"https:\/\/ovdental.md\/?post_type=product&#038;p=324"},"modified":"2022-04-26T13:02:17","modified_gmt":"2022-04-26T13:02:17","slug":"mutsumi-gips-edo-rock-max-golden-brown-5kg","status":"publish","type":"product","link":"https:\/\/ovdental.md\/index.php\/product\/mutsumi-gips-edo-rock-max-golden-brown-5kg\/","title":{"rendered":"MUTSUMI &#8212; Gips Edo Rock Max Golden Brown 5kg"},"content":{"rendered":"","protected":false},"excerpt":{"rendered":"<p><strong>MUTSUMI &#8212; Gips Edo Rock Max Golden Brown 5kg<\/strong><\/p>\n<p>Piatra dura dentara modificata sintetica de tip 4, ideala pentru toate modelele de lucru pt<br \/>\nproteze totale\/par\u021biale, inlay-uri, onlay-uri, coroane \u0219i pun\u021bi pe implanturi, Konuskrone,<br \/>\ndispozitive ortodontice, CAD\/CAM sau alte scopuri care necesit\u0103 precizie.<br \/>\nEdoRock Max este un amestec de semihidrat alfa selectat rafinat \u0219i special<br \/>\nr\u0103\u015fin\u0103.<br \/>\n\u2022 Rezisten\u021b\u0103 excelent\u0103 \u0219i lucrabilitate remarcabil\u0103<br \/>\n\u2022 Tixotropie ridicat\u0103 &#8212; faciliteaz\u0103 \u00eengro\u0219area modelului<br \/>\n\u2022 Compatibilitate superioar\u0103 cu materialele de amprentare<br \/>\n\u2022 Reproducerea foarte precis\u0103 a detaliilor<br \/>\n\u2022 Expansiune uniform\u0103 \u0219i constant\u0103<br \/>\n\u2022 A\u0219chierea \u00een timpul procesului de tundere NU are loc!<\/p>\n<p><strong>Rezisten\u021ba la compresiune dup\u0103 1 or\u0103:<\/strong><br \/>\n\u2022 Rezisten\u021ba la compresiune [MPa; N\/mm2] &#8212; 64MPa (=9282psi)<br \/>\nRezisten\u021ba la compresiune dup\u0103 24 de ore:<br \/>\n\u2022 Rezisten\u021ba la compresiune [MPa; N\/mm2] &#8212; 118MPa (=17114psi)<br \/>\n\u2022 ISO 6873, Date referitoare la 20ml\/100g<br \/>\n\u2022 Raport ap\u0103\/pulbere: 20ml\/100g<br \/>\n\u2022 Timp de setare: 10 min.<br \/>\n\u2022 Setarea extinderii dup\u0103 2 ore: 0,08%<\/p>\n","protected":false},"featured_media":325,"comment_status":"open","ping_status":"closed","template":"","meta":[],"product_cat":[25],"product_tag":[],"_links":{"self":[{"href":"https:\/\/ovdental.md\/index.php\/wp-json\/wp\/v2\/product\/324"}],"collection":[{"href":"https:\/\/ovdental.md\/index.php\/wp-json\/wp\/v2\/product"}],"about":[{"href":"https:\/\/ovdental.md\/index.php\/wp-json\/wp\/v2\/types\/product"}],"replies":[{"embeddable":true,"href":"https:\/\/ovdental.md\/index.php\/wp-json\/wp\/v2\/comments?post=324"}],"wp:featuredmedia":[{"embeddable":true,"href":"https:\/\/ovdental.md\/index.php\/wp-json\/wp\/v2\/media\/325"}],"wp:attachment":[{"href":"https:\/\/ovdental.md\/index.php\/wp-json\/wp\/v2\/media?parent=324"}],"wp:term":[{"taxonomy":"product_cat","embeddable":true,"href":"https:\/\/ovdental.md\/index.php\/wp-json\/wp\/v2\/product_cat?post=324"},{"taxonomy":"product_tag","embeddable":true,"href":"https:\/\/ovdental.md\/index.php\/wp-json\/wp\/v2\/product_tag?post=324"}],"curies":[{"name":"wp","href":"https:\/\/api.w.org\/{rel}","templated":true}]}}