{"id":375,"date":"2022-04-15T06:28:09","date_gmt":"2022-04-15T06:28:09","guid":{"rendered":"https:\/\/ovdental.md\/?post_type=product&#038;p=375"},"modified":"2022-05-05T18:23:36","modified_gmt":"2022-05-05T18:23:36","slug":"alan-roll-bumbac-dentar-500-buc","status":"publish","type":"product","link":"https:\/\/ovdental.md\/index.php\/product\/alan-roll-bumbac-dentar-500-buc\/","title":{"rendered":"ALAN &#8212; Bavete rulouri de vat\u0103 1,2"},"content":{"rendered":"","protected":false},"excerpt":{"rendered":"<p><strong>ALAN &#8212; Bavete rulouri de vat\u0103 1,2<\/strong><\/p>\n<p>\u2022 100% bumbac absorbant albit<br \/>\n\u2022 H2O2 albit (nealbit cu clor, f\u0103r\u0103 orice agent de str\u0103lucire)<br \/>\n\u2022 \u00cendeplinirea Standardelor Farmacopeei Europene<br \/>\n\u2022 \u00cen conformitate cu standardele europene REACH<br \/>\n\u2022 Analiza sarcinii biologice la cerere<\/p>\n","protected":false},"featured_media":0,"comment_status":"open","ping_status":"closed","template":"","meta":[],"product_cat":[27],"product_tag":[],"_links":{"self":[{"href":"https:\/\/ovdental.md\/index.php\/wp-json\/wp\/v2\/product\/375"}],"collection":[{"href":"https:\/\/ovdental.md\/index.php\/wp-json\/wp\/v2\/product"}],"about":[{"href":"https:\/\/ovdental.md\/index.php\/wp-json\/wp\/v2\/types\/product"}],"replies":[{"embeddable":true,"href":"https:\/\/ovdental.md\/index.php\/wp-json\/wp\/v2\/comments?post=375"}],"wp:attachment":[{"href":"https:\/\/ovdental.md\/index.php\/wp-json\/wp\/v2\/media?parent=375"}],"wp:term":[{"taxonomy":"product_cat","embeddable":true,"href":"https:\/\/ovdental.md\/index.php\/wp-json\/wp\/v2\/product_cat?post=375"},{"taxonomy":"product_tag","embeddable":true,"href":"https:\/\/ovdental.md\/index.php\/wp-json\/wp\/v2\/product_tag?post=375"}],"curies":[{"name":"wp","href":"https:\/\/api.w.org\/{rel}","templated":true}]}}