{"id":419,"date":"2022-11-24T06:09:18","date_gmt":"2022-11-24T06:09:18","guid":{"rendered":"https:\/\/ovdental.md\/?post_type=product&#038;p=419"},"modified":"2022-11-24T06:09:18","modified_gmt":"2022-11-24T06:09:18","slug":"ritter-r400","status":"publish","type":"product","link":"https:\/\/ovdental.md\/index.php\/product\/ritter-r400\/","title":{"rendered":"RITTER R400"},"content":{"rendered":"<p>R400 are tot ce ai nevoie cu adev\u0103rat.<br \/>\nCu Ritter R400, economia \u0219i u\u0219urin\u021ba \u00een utilizare se \u00eent\u00e2lnesc cu estetica \u0219i individualitatea. Ritter R400 \u00eembun\u0103t\u0103\u021be\u0219te fluxul de lucru \u00een cabinetul stomatologic cu solu\u021bii simple \u0219i practice.<br \/>\nRitter R400 nu este doar unitatea optim\u0103 pentru profilaxie, ci \u0219i favorita compact\u0103 pentru fiecare cabinet modern \u0219i pentru fiecare aplica\u021bie.<br \/>\n\u00cen ceea ce prive\u0219te designul, Ritter R400 impresioneaz\u0103 prin elemente de sticl\u0103 pre\u021bioase \u00een culori proaspete, care pot fi proiectate \u00een \u00eentregime conform dorin\u021belor dumneavoastr\u0103.<\/p>\n","protected":false},"excerpt":{"rendered":"<p>R400 are tot ce ai nevoie cu adev\u0103rat. Cu Ritter R400, economia \u0219i u\u0219urin\u021ba \u00een utilizare se \u00eent\u00e2lnesc cu estetica \u0219i individualitatea. Ritter R400 \u00eembun\u0103t\u0103\u021be\u0219te fluxul<span class=\"excerpt-hellip\"> [\u2026]<\/span><\/p>\n","protected":false},"featured_media":420,"comment_status":"open","ping_status":"closed","template":"","meta":[],"product_cat":[15],"product_tag":[],"_links":{"self":[{"href":"https:\/\/ovdental.md\/index.php\/wp-json\/wp\/v2\/product\/419"}],"collection":[{"href":"https:\/\/ovdental.md\/index.php\/wp-json\/wp\/v2\/product"}],"about":[{"href":"https:\/\/ovdental.md\/index.php\/wp-json\/wp\/v2\/types\/product"}],"replies":[{"embeddable":true,"href":"https:\/\/ovdental.md\/index.php\/wp-json\/wp\/v2\/comments?post=419"}],"wp:featuredmedia":[{"embeddable":true,"href":"https:\/\/ovdental.md\/index.php\/wp-json\/wp\/v2\/media\/420"}],"wp:attachment":[{"href":"https:\/\/ovdental.md\/index.php\/wp-json\/wp\/v2\/media?parent=419"}],"wp:term":[{"taxonomy":"product_cat","embeddable":true,"href":"https:\/\/ovdental.md\/index.php\/wp-json\/wp\/v2\/product_cat?post=419"},{"taxonomy":"product_tag","embeddable":true,"href":"https:\/\/ovdental.md\/index.php\/wp-json\/wp\/v2\/product_tag?post=419"}],"curies":[{"name":"wp","href":"https:\/\/api.w.org\/{rel}","templated":true}]}}